{"id":1753,"date":"2021-10-05T20:04:21","date_gmt":"2021-10-05T20:04:21","guid":{"rendered":"https:\/\/www.yokai-lyon.com\/?page_id=1753"},"modified":"2025-11-29T16:59:01","modified_gmt":"2025-11-29T16:59:01","slug":"histoire-du-studio-et-professeurs","status":"publish","type":"page","link":"https:\/\/www.yokai-lyon.com\/","title":{"rendered":"YOKA\u00cf c&rsquo;est qui?"},"content":{"rendered":"\n<p>Bienvenu ICI !<\/p>\n\n\n\n<p>Apres une belle aventure avec mon studio YOKA\u00cf Lyon que j&rsquo;ai fond\u00e9 en 2016 et que j&rsquo;ai transmis en 2025 \u00e0 Clara qui l&rsquo;a renomm\u00e9 CHANKA, je me lance dans de nouvelles aventures! <\/p>\n\n\n\n<p>Le corps le corps le corps, notre humble demeure&#8230; Bon et bien je passe toutes mes micros secondes \u00e0 dialoguer avec cette merveilleuse ing\u00e9niosit\u00e9 ! et surtout j&rsquo;aime devenir miroir pour partager ce que je ne cesse de d\u00e9couvrir.<\/p>\n\n\n\n<p>Je me retrouve \u00e0 vous rencontrer \u00e0 une soir\u00e9e, \u00e0 un din\u00e9, ou dans un parc&#8230; en tout cas je suis joyeuse que vous soyez nombreux(ses) \u00e0 me solliciter, c&rsquo;est pourquoi je vais transformer le site de mon ancien studio et vous proposer mes services on the WEB !<\/p>\n\n\n\n<p>Je me lance !<\/p>\n\n\n\n<blockquote class=\"wp-block-quote has-text-align-left is-style-default is-layout-flow wp-block-quote-is-layout-flow\">\n<p><em><strong>\u00ab\u00a0Mon corps est mon temple, les asanas sont mes pri\u00e8res\u00a0\u00bb <\/strong><\/em><\/p>\n<cite>BKS Iyengar<\/cite><\/blockquote>\n\n\n<div class=\"is-default-size aligncenter wp-block-site-logo\"><a href=\"https:\/\/www.yokai-lyon.com\/\" class=\"custom-logo-link\" rel=\"home\"><img loading=\"lazy\" decoding=\"async\" width=\"626\" height=\"483\" src=\"https:\/\/www.yokai-lyon.com\/wp-content\/uploads\/2019\/12\/cropped-YOKAI-LOGO-2.jpg\" class=\"custom-logo\" alt=\"YOKA\u00cf-Lyon\" srcset=\"https:\/\/www.yokai-lyon.com\/wp-content\/uploads\/2019\/12\/cropped-YOKAI-LOGO-2.jpg 626w, https:\/\/www.yokai-lyon.com\/wp-content\/uploads\/2019\/12\/cropped-YOKAI-LOGO-2-300x231.jpg 300w\" sizes=\"auto, (max-width: 626px) 100vw, 626px\" \/><\/a><\/div>\n\n\n<p class=\"has-text-align-center\"><strong>Pauline Rigot-Muller<\/strong><\/p>\n\n\n<div class=\"wp-block-image is-style-rounded\">\n<figure class=\"aligncenter size-full is-resized\"><img loading=\"lazy\" decoding=\"async\" width=\"698\" height=\"768\" src=\"https:\/\/www.yokai-lyon.com\/wp-content\/uploads\/2025\/06\/Capture-decran-2025-06-04-a-18.55.45.png\" alt=\"\" class=\"wp-image-2468\" style=\"width:639px;height:auto\" srcset=\"https:\/\/www.yokai-lyon.com\/wp-content\/uploads\/2025\/06\/Capture-decran-2025-06-04-a-18.55.45.png 698w, https:\/\/www.yokai-lyon.com\/wp-content\/uploads\/2025\/06\/Capture-decran-2025-06-04-a-18.55.45-273x300.png 273w, https:\/\/www.yokai-lyon.com\/wp-content\/uploads\/2025\/06\/Capture-decran-2025-06-04-a-18.55.45-685x754.png 685w\" sizes=\"auto, (max-width: 698px) 100vw, 698px\" \/><\/figure><\/div>\n\n\n<p><strong>Pour pas tout lire voici une s\u00e9lection de mes formations :<\/strong><\/p>\n\n\n\n<p>Formations rapido :<\/p>\n\n\n\n<ul class=\"wp-block-list\">\n<li><strong>Kin\u00e9sith\u00e9rapie-comportementale<\/strong> <strong>m\u00e9thode GDS<\/strong> <strong>(BE)<\/strong><\/li>\n\n\n\n<li><strong>Danse contemporaine \u00e0 Brussels Belgique<\/strong><\/li>\n\n\n\n<li><strong>ERG (Ecole de Recherche Graphique) Peinture, vid\u00e9o, performance (BE)<\/strong><\/li>\n\n\n\n<li><strong>Naturopathie<\/strong><\/li>\n\n\n\n<li><strong>Yoga<\/strong> <strong>Ashtanga vinyasa flow en Inde<\/strong><\/li>\n\n\n\n<li><strong>Yoga m\u00e9thode De Gasquet<\/strong> <strong>\u00e0 Lyon<\/strong><\/li>\n\n\n\n<li><strong>Yoga Iyengar (Marseille avec Stephane Lalo)<\/strong><\/li>\n\n\n\n<li><strong>Geobiologie \u00e0 Lyon<\/strong><\/li>\n<\/ul>\n\n\n\n<p>Ma vocation pour l&rsquo;enseignement m&rsquo;a emmen\u00e9 \u00e0 accompagner un grand nombre de personnes, afin de les aider \u00e0 trouver leur propre alignement. Permettant de se connecter \u00e0 eux-m\u00eame et de vivre heureux chaque minutes de leur vie \ud83d\ude42 !<\/p>\n\n\n\n<p><strong>J&rsquo;ai eu pleins de vie et l\u00e0 j&rsquo;ai tent\u00e9 une bio longue car en fait tout me parait important !<\/strong><\/p>\n\n\n\n<p>Dipl\u00f4m\u00e9e de l&rsquo;\u00c9cole de Recherche Graphique (ERG) \u00e0 Bruxelles en arts visuels, espace et performance, j&rsquo;ai poursuivi une formation intensive en danse contemporaine au DanscentrumJette sous la direction de Roxane Huilmand (ROSAS) \u00e0 Brussels. Pendant cinq ans, j&rsquo;ai enrichi ma pratique aupr\u00e8s de figures majeures telles que Julyen Hamilton (improvisation), David Zambrano (Flying Low), Martin Kilvady (All Inclusive Technique), les Slovaks (Flowork), Josef Frucek (Fighting Monkey) et Damien Jalet (\u00e9criture chor\u00e9graphique).<\/p>\n\n\n\n<p>Parall\u00e8lement, j&rsquo;ai obtenu un dipl\u00f4me en kin\u00e9sith\u00e9rapie comportementale m\u00e9thode GDS, une approche psycho-corporelle fond\u00e9e sur l&rsquo;analyse des cha\u00eenes musculaires et articulaires.<\/p>\n\n\n\n<p>En 2010, premier solo inspir\u00e9 du chamanisme. L&rsquo;ann\u00e9e suivante, mon film de danse Nid de lune a \u00e9t\u00e9 s\u00e9lectionn\u00e9 par Numeridanse pour son originalit\u00e9.<\/p>\n\n\n\n<p>En 2013, j&rsquo;ai \u00e9t\u00e9 s\u00e9lectionn\u00e9e parmi 20 jeunes chor\u00e9graphes pour un projet tremplin de deux ans, au cours duquel j&rsquo;ai r\u00e9alis\u00e9 Three Landscapes in a Cage, pr\u00e9sent\u00e9 pendant deux ans. Par la suite j\u2019ai cr\u00e9e une pi\u00e8ce qui aborde l&rsquo;\u00e9tat de transe pour r\u00e9veler la m\u00e9moire cellulaire, les \u00e9l\u00e9ments et l\u2019hypersensibilit\u00e9 : Back to Water, avant de partir en voyage pour enrichir et partager ma pratique artistique.<\/p>\n\n\n\n<p>En 2013, je me suis form\u00e9e au yoga Vinyasa et au Reiki en Inde, puis j&rsquo;ai v\u00e9cu au Mexique et voyag\u00e9 au P\u00e9rou pour des exp\u00e9riences chamaniques dans la jungle.<\/p>\n\n\n\n<p>De retour en France en 2015, je fonde le studio de danse et yoga Yoka\u00ef \u00e0 Lyon, que j&rsquo;ai dirig\u00e9 pendant pr\u00e8s de 10 ans. Ce lieu est devenu un espace de transmission et de partage autour du mouvement et du bien-\u00eatre. Durant ces ann\u00e9es je me suis form\u00e9e au yoga Iyengar, \u00e0 la naturopathie, \u00e0 la m\u00e9thode de respiration De Gasquet et en g\u00e9obiologie.<\/p>\n\n\n\n<p>Actuellement, je fais partie du groupe f\u00e9minin de percussions africaines et de chant : DunDunFo. J\u2019\u00e9cris des chansons et compose \u00e9galement de la musique chez moi et je suis passionn\u00e9e par la recherche de p\u00e9pites sonores, notamment de funk et autres sons enracinants.<\/p>\n\n\n\n<p>Avec 18 ans d\u2019exp\u00e9rience dans l\u2019enseignement, ma perception du corps s\u2019est affin\u00e9e, donnant naissance \u00e0 une transmission vivante, sensible et ancr\u00e9e. Mon approche allie cr\u00e9ativit\u00e9, bienveillance et \u00e9coute, pour inviter chacun \u00e0 explorer pleinement son potentiel.<\/p>\n\n\n\n<p>Nourrie par un parcours riche \u2014 de la sc\u00e8ne \u00e0 la for\u00eat, du chamanisme aux percussions, du yoga \u00e0 la g\u00e9obiologie \u2014 je tisse des ponts entre l\u2019art, le soin et le mouvement. Chaque atelier devient un espace de libert\u00e9, de connexion et de transformation.<\/p>\n\n\n\n<p>Je continue \u00e0 cr\u00e9er, \u00e0 apprendre, \u00e0 \u00e9couter, \u00e0 transmettre\u2026 port\u00e9e par la joie profonde du corps en mouvement.<\/p>\n\n\n\n<p>Je suis appel\u00e9e r\u00e9guli\u00e8rement \u00e0 travailler dans l&rsquo;univers du cin\u00e9ma pour r\u00e9aliser des chor\u00e9graphie et des mises en sc\u00e8ne et par cons\u00e9quent la pr\u00e9sence des acteurs et danseurs, et j&rsquo;adore \u00e7a! <\/p>\n\n\n\n<p>Je kiffe la vie et je veux vous partager tous ces outils qui font que c&rsquo;est g\u00e9nial d&rsquo;\u00eatre bien dans son corps!<\/p>\n\n\n\n<p>Pauline Rigot-Muller<\/p>\n\n\n\n<p><\/p>\n\n\n\n<p>ah oui et j&rsquo;ai un site pour mon groupe de percu DunDunFo et ma vie d&rsquo;artiste quand j&rsquo;\u00e9tais danseuse et peintre &#8230;.<\/p>\n\n\n\n<p><a href=\"http:\/\/4zjbv\">dundunfo.com<\/a><\/p>\n\n\n\n<p><a href=\"http:\/\/paulinerm.wordpress.com\/\" target=\"_blank\" rel=\"noreferrer noopener\">http:\/\/paulinerm.wordpress.com\/<\/a><\/p>\n","protected":false},"excerpt":{"rendered":"<p>Bienvenu ICI ! Apres une belle aventure avec mon studio YOKA\u00cf Lyon que j&rsquo;ai fond\u00e9 en 2016 et que j&rsquo;ai transmis en 2025 \u00e0 Clara qui l&rsquo;a renomm\u00e9 CHANKA, je me lance dans de nouvelles aventures! Le corps le corps le corps, notre humble demeure&#8230; Bon et bien je passe toutes mes micros secondes \u00e0 &hellip; <a href=\"https:\/\/www.yokai-lyon.com\/\" class=\"more-link\">Lire la suite <span class=\"screen-reader-text\">YOKA\u00cf c&rsquo;est qui?<\/span><\/a><\/p>\n","protected":false},"author":1,"featured_media":0,"parent":0,"menu_order":0,"comment_status":"closed","ping_status":"closed","template":"","meta":{"advanced_seo_description":"","jetpack_seo_html_title":"","jetpack_seo_noindex":false,"footnotes":""},"class_list":["post-1753","page","type-page","status-publish","hentry"],"jetpack_sharing_enabled":true,"jetpack-related-posts":[{"id":1911,"url":"https:\/\/www.yokai-lyon.com\/?page_id=1911","url_meta":{"origin":1753,"position":0},"title":"Le studio YOKA\u00cf devient CHANKA !","author":"YOKAI Lyon","date":"20 avril 2022","format":false,"excerpt":"Bonjour \u00e0 tous, Cela fait maintenant presque 9 ans que j\u2019ai fond\u00e9 le studio Yoka\u00ef !Je suis heureuse de vous annoncer que l\u2019aventure continue, d\u00e9sormais sous le nom de\u00a0Chanka, sous la direction de Clara. Je tiens \u00e0 exprimer ma gratitude \u00e0 toutes les personnes \u00e0 travers le monde qui sont\u2026","rel":"","context":"Article similaire","block_context":{"text":"Article similaire","link":""},"img":{"alt_text":"","src":"https:\/\/i0.wp.com\/www.yokai-lyon.com\/wp-content\/uploads\/2023\/10\/Atelier-Vannerie-Esteban-23-oct-23-scaled.jpg?resize=350%2C200&ssl=1","width":350,"height":200,"srcset":"https:\/\/i0.wp.com\/www.yokai-lyon.com\/wp-content\/uploads\/2023\/10\/Atelier-Vannerie-Esteban-23-oct-23-scaled.jpg?resize=350%2C200&ssl=1 1x, https:\/\/i0.wp.com\/www.yokai-lyon.com\/wp-content\/uploads\/2023\/10\/Atelier-Vannerie-Esteban-23-oct-23-scaled.jpg?resize=525%2C300&ssl=1 1.5x, https:\/\/i0.wp.com\/www.yokai-lyon.com\/wp-content\/uploads\/2023\/10\/Atelier-Vannerie-Esteban-23-oct-23-scaled.jpg?resize=700%2C400&ssl=1 2x, https:\/\/i0.wp.com\/www.yokai-lyon.com\/wp-content\/uploads\/2023\/10\/Atelier-Vannerie-Esteban-23-oct-23-scaled.jpg?resize=1050%2C600&ssl=1 3x, https:\/\/i0.wp.com\/www.yokai-lyon.com\/wp-content\/uploads\/2023\/10\/Atelier-Vannerie-Esteban-23-oct-23-scaled.jpg?resize=1400%2C800&ssl=1 4x"},"classes":[]},{"id":2475,"url":"https:\/\/www.yokai-lyon.com\/?page_id=2475","url_meta":{"origin":1753,"position":1},"title":"Training","author":"YOKAI Lyon","date":"3 juillet 2025","format":false,"excerpt":"proposition \/\u00a0 Plongez dans un training o\u00f9 la technique devient sensation et le geste, langage.Une mise en corps en conscience avec comme partenaire le sol.\u00a0Jouer avec les principes de ce qui impulse, la gravit\u00e9, l\u2019\u00e9quilibre, la sensualit\u00e9, la musicalit\u00e9.Par la mise en pratique de diff\u00e9rents outils tels que l\u2019auto-contact, le\u2026","rel":"","context":"Article similaire","block_context":{"text":"Article similaire","link":""},"img":{"alt_text":"","src":"https:\/\/i0.wp.com\/www.yokai-lyon.com\/wp-content\/uploads\/2025\/07\/unnamed.jpg?resize=350%2C200&ssl=1","width":350,"height":200,"srcset":"https:\/\/i0.wp.com\/www.yokai-lyon.com\/wp-content\/uploads\/2025\/07\/unnamed.jpg?resize=350%2C200&ssl=1 1x, https:\/\/i0.wp.com\/www.yokai-lyon.com\/wp-content\/uploads\/2025\/07\/unnamed.jpg?resize=525%2C300&ssl=1 1.5x, https:\/\/i0.wp.com\/www.yokai-lyon.com\/wp-content\/uploads\/2025\/07\/unnamed.jpg?resize=700%2C400&ssl=1 2x, https:\/\/i0.wp.com\/www.yokai-lyon.com\/wp-content\/uploads\/2025\/07\/unnamed.jpg?resize=1050%2C600&ssl=1 3x"},"classes":[]},{"id":1746,"url":"https:\/\/www.yokai-lyon.com\/?page_id=1746","url_meta":{"origin":1753,"position":2},"title":"Coatching \/ Direction artistique \/ Chor\u00e9graphe","author":"YOKAI Lyon","date":"5 octobre 2021","format":false,"excerpt":"Les accompagnements sont ouverts \u00e0 toutes les personnes d\u00e9sireuses d\u2019apprendre \u00e0 se connecter \u00e0 eux-m\u00eame par une pratique attentive et th\u00e9rapeutique afin de jouir de chaque instant de sa vie en accord avec soi et le monde ! J'accompagne \u00e9galement des projets artistiques sc\u00e9nique et chor\u00e9graphique. Gestion d'\u00e9quipe plateau dans\u2026","rel":"","context":"Article similaire","block_context":{"text":"Article similaire","link":""},"img":{"alt_text":"","src":"","width":0,"height":0},"classes":[]},{"id":1750,"url":"https:\/\/www.yokai-lyon.com\/?page_id=1750","url_meta":{"origin":1753,"position":3},"title":"Tarifs","author":"YOKAI Lyon","date":"5 octobre 2021","format":false,"excerpt":"1 cours particulier 60\u20ac \/ 5 cours 200\u20ac \/ 10 cours 300\u20ac Demi-journ\u00e9e accompagnement groupe ou projet sc\u00e9nique : 130\u20ac Journ\u00e9e accompagnement groupe ou projet sc\u00e9nique : 220\u20ac Sachez que je vous transmet des tips dont vous vous servirez toutes votre vie et qui seront vos appuis pour r\u00e9soudre vous\u2026","rel":"","context":"Article similaire","block_context":{"text":"Article similaire","link":""},"img":{"alt_text":"","src":"","width":0,"height":0},"classes":[]},{"id":530,"url":"https:\/\/www.yokai-lyon.com\/?page_id=530","url_meta":{"origin":1753,"position":4},"title":"Contact","author":"YOKAI Lyon","date":"7 d\u00e9cembre 2018","format":false,"excerpt":"yokai.lyon@gmail.com 07 87 26 14 11 Pauline","rel":"","context":"Article similaire","block_context":{"text":"Article similaire","link":""},"img":{"alt_text":"","src":"https:\/\/i0.wp.com\/www.yokai-lyon.com\/wp-content\/uploads\/2018\/12\/img_2375-e1544173982574-scaled.jpg?resize=350%2C200&ssl=1","width":350,"height":200,"srcset":"https:\/\/i0.wp.com\/www.yokai-lyon.com\/wp-content\/uploads\/2018\/12\/img_2375-e1544173982574-scaled.jpg?resize=350%2C200&ssl=1 1x, https:\/\/i0.wp.com\/www.yokai-lyon.com\/wp-content\/uploads\/2018\/12\/img_2375-e1544173982574-scaled.jpg?resize=525%2C300&ssl=1 1.5x, https:\/\/i0.wp.com\/www.yokai-lyon.com\/wp-content\/uploads\/2018\/12\/img_2375-e1544173982574-scaled.jpg?resize=700%2C400&ssl=1 2x, https:\/\/i0.wp.com\/www.yokai-lyon.com\/wp-content\/uploads\/2018\/12\/img_2375-e1544173982574-scaled.jpg?resize=1050%2C600&ssl=1 3x, https:\/\/i0.wp.com\/www.yokai-lyon.com\/wp-content\/uploads\/2018\/12\/img_2375-e1544173982574-scaled.jpg?resize=1400%2C800&ssl=1 4x"},"classes":[]}],"_links":{"self":[{"href":"https:\/\/www.yokai-lyon.com\/index.php?rest_route=\/wp\/v2\/pages\/1753","targetHints":{"allow":["GET"]}}],"collection":[{"href":"https:\/\/www.yokai-lyon.com\/index.php?rest_route=\/wp\/v2\/pages"}],"about":[{"href":"https:\/\/www.yokai-lyon.com\/index.php?rest_route=\/wp\/v2\/types\/page"}],"author":[{"embeddable":true,"href":"https:\/\/www.yokai-lyon.com\/index.php?rest_route=\/wp\/v2\/users\/1"}],"replies":[{"embeddable":true,"href":"https:\/\/www.yokai-lyon.com\/index.php?rest_route=%2Fwp%2Fv2%2Fcomments&post=1753"}],"version-history":[{"count":73,"href":"https:\/\/www.yokai-lyon.com\/index.php?rest_route=\/wp\/v2\/pages\/1753\/revisions"}],"predecessor-version":[{"id":2490,"href":"https:\/\/www.yokai-lyon.com\/index.php?rest_route=\/wp\/v2\/pages\/1753\/revisions\/2490"}],"wp:attachment":[{"href":"https:\/\/www.yokai-lyon.com\/index.php?rest_route=%2Fwp%2Fv2%2Fmedia&parent=1753"}],"curies":[{"name":"wp","href":"https:\/\/api.w.org\/{rel}","templated":true}]}}